actor of 100505437 and 265?
53
What is the highest common factor of 1199 and 20250010?
11
Calculate the highest common divisor of 210764922 and 6.
6
What is the greatest common factor of 7894155 and 360?
15
Calculate the greatest common divisor of 738582988 and 104.
52
What is the highest common factor of 276 and 4505792?
92
Calculate the greatest common factor of 1296 and 1106628.
12
What is the greatest common factor of 1519616 and 37100?
1484
What is the highest common factor of 936 and 24393408?
312
Calculate the highest common factor of 91448 and 23180080.
3976
Calculate the greatest common factor of 1782785490 and 60.
30
Calculate the greatest common divisor of 10820798 and 88288.
5518
What is the greatest common divisor of 870 and 153240?
30
What is the greatest common factor of 37784065 and 3135?
1045
What is the greatest common divisor of 800363 and 14899?
47
What is the highest common factor of 6161035 and 1330?
95
Calculate the greatest common divisor of 997056 and 9504.
864
Calculate the highest common divisor of 5 and 81078505.
5
What is the greatest common factor of 20977 and 1639?
11
Calculate the highest common factor of 324 and 10842174.
162
Calculate the greatest common divisor of 134 and 49812557.
67
What is the greatest common divisor of 838598 and 29296?
3662
What is the greatest common factor of 264 and 162562752?
264
Calculate the highest common factor of 9280 and 305546320.
2320
Calculate the greatest common divisor of 1126791721 and 7799.
7799
Calculate the greatest common factor of 3881190 and 345.
15
What is the greatest common divisor of 13003467 and 57?
57
Calculate the highest common divisor of 58 and 9184358.
58
What is the highest common divisor of 513827 and 10579?
71
What is the greatest common divisor of 10506 and 1004802?
102
Calculate the greatest common factor of 1332190 and 32320.
1010
Calculate the greatest common divisor of 184406400 and 1539.
171
Calculate the highest common factor of 1269 and 36555707.
47
What is the highest common divisor of 667 and 1988695?
23
What is the highest common factor of 12871470 and 92430?
2370
What is the highest common factor of 248611 and 2354869?
1067
What is the highest common divisor of 3958 and 216?
2
Calculate the highest common factor of 626782 and 14014.
26
What is the greatest common factor of 232600 and 36700?
100
What is the highest common factor of 73997 and 252572903?
10571
What is the highest common factor of 35992 and 13384934?
818
What is the greatest common factor of 50356002 and 5971?
853
What is the greatest common factor of 4284 and 54844686?
306
Calculate the highest common divisor of 14225896 and 42146.
3242
What is the highest common factor of 1546987 and 65?
13
What is the highest common divisor of 301040 and 7670160?
4240
What is the greatest common factor of 43 and 61346681?
43
What is the greatest common factor of 15385 and 3680?
5
What is the greatest common factor of 21981 and 1785?
51
Calculate the highest common factor of 105848 and 668216.
808
What is the highest common divisor of 76516340 and 40?
20
Calculate the greatest common factor of 1868307 and 112875.
903
What is the highest common factor of 224 and 25050?
2
What is the greatest common factor of 290979 and 1237697?
829
What is the greatest common factor of 2565 and 1002780?
135
Calculate the greatest common factor of 32928048 and 16.
16
What is the highest common factor of 36 and 49924494?
18
What is the greatest common divisor of 53704 and 2405410?
98
Calculate the highest common factor of 153277385 and 1390.
695
Calculate the highest common divisor of 1032 and 4879812.
516
What is the greatest common divisor of 4124115 and 1581?
51
Calculate the greatest common factor of 191165364 and 4212.
468
What is the greatest common factor of 40 and 204710?
10
What is the greatest common divisor of 2092587 and 32157?
1191
What is the highest common factor of 2879520 and 636?
12
Calculate the greatest common divisor of 104 and 378000844.
52
What is the greatest common factor of 805 and 14734605?
115
Calculate the highest common divisor of 64554 and 538692.
2226
What is the highest common factor of 224047200 and 480?
480
What is the highest common divisor of 15593338 and 454094?
4166
What is the greatest common factor of 1188620 and 477920?
2060
What is the highest common factor of 2006976 and 176?
16
Calculate the greatest common factor of 125510 and 7886592.
2282
Calculate the highest common divisor of 7216 and 1643246.
22
What is the greatest common factor of 9499889 and 32980?
1649
What is the greatest common factor of 1770 and 752749730?
590
What is the highest common factor of 56098185 and 6630?
195
Calculate the greatest common factor of 13609701 and 136017.
8001
What is the highest common divisor of 304 and 13997756?
76
What is the highest common factor of 699422 and 150133?
899
Calculate the greatest common factor of 37165767 and 342.
57
Calculate the greatest common divisor of 3339 and 5538659.
371
What is the highest common divisor of 136192 and 1062656?
1792
What is the greatest common factor of 47187 and 333984?
147
What is the greatest common divisor of 13 and 155182755?
13
What is the greatest common factor of 14672790 and 627?
33
What is the greatest common divisor of 36897 and 259224?
21
Calculate the greatest common divisor of 2068857 and 2709.
63
What is the greatest common factor of 198 and 302870601?
99
Calculate the greatest common divisor of 13253050 and 194995.
3305
Calculate the highest common factor of 503 and 47499296.
503
Calculate the highest common factor of 77898 and 18114.
6
What is the highest common factor of 20171545 and 5752?
719
Calculate the greatest common divisor of 633038 and 71557.
439
What is the highest common divisor of 240530934 and 7860?
786
Calculate the greatest common factor of 3339693 and 1029.
147
What is the highest common factor of 14211541 and 17?
17
Calculate the highest common divisor of 1378 and 21358311.
689
What is the greatest common divisor of 6506724 and 1152?
12
What is the greatest common factor of 801 and 29520054?
801
What is the greatest common divisor of 552 and 79132420?
92
Calculate the highest common factor of 22344 and 183936984.
1176
Calculate the greatest common divisor of 297 and 2500929.
27
What is the highest common divisor of 7256 and 7444?
4
Calculate the greatest common factor of 2218203 and 3237.
39
Calculate the highest common factor of 39 and 2223906.
3
Calculate the greatest common divisor of 2 and 13732286.
2
Calculate the highest common divisor of 334 and 61670428.
334
Calculate the highest common divisor of 6554878 and 23584.
1474
Calculate the highest common divisor of 6112 and 269728.
32
What is the greatest common factor of 6606 and 2895492375?
3303
What is the greatest common divisor of 3174 and 1333922168?
1058
What is the greatest common factor of 17677 and 1559041?
11
What is the highest common divisor of 59451 and 106799?
133
What is the greatest common factor of 707 and 2399962?
101
Calculate the greatest common factor of 43221 and 177.
3
Calculate the greatest common divisor of 516 and 148350129.
129
What is the greatest common divisor of 73236 and 552228?
204
Calculate the greatest common divisor of 774 and 340317394.
86
What is the highest common factor of 1235 and 2640905?
95
What is the highest common divisor of 1941 and 97947?
3
What is the greatest common divisor of 1790544 and 75096?
168
What is the highest common factor of 680 and 323508470?
170
What is the highest common factor of 8 and 2418753864?
8
Calculate the greatest common factor of 165 and 269792853.
33
Calculate the highest common divisor of 32626 and 22957.
11
Calculate the highest common divisor of 187298468 and 50480.
2524
Calculate the greatest common divisor of 10399508 and 84.
28
Calculate the highest common divisor of 29699 and 17476.
17
What is the greatest common divisor of 64343970 and 90?
90
Calculate the highest common divisor of 299979472 and 208.
208
What is the highest common divisor of 14650 and 113058445?
1465
What is the greatest common factor of 42019291 and 4492?
1123
What is the highest common divisor of 2187869 and 342?
19
Calculate the greatest common divisor of 5 and 876965.
5
Calculate the greatest 